{"version":"1.0","provider_name":"Casal dels Infants","provider_url":"https:\/\/www.casaldelsinfants.org\/es\/","title":"La 7a edici\u00f3n del \u201cCheck in solidari\u201d aporta cerca de 21.400\u20ac al servicio maternoinfantil Vincles del Casal dels Infants - Casal dels Infants","type":"rich","width":600,"height":338,"html":"<blockquote class=\"wp-embedded-content\" data-secret=\"wIXnml40hY\"><a href=\"https:\/\/www.casaldelsinfants.org\/es\/actualidad\/7a-edicion-check-solidario-aporta-21400-euros\/\">La 7a edici\u00f3n del \u201cCheck in solidari\u201d aporta cerca de 21.400\u20ac al servicio maternoinfantil Vincles del Casal dels Infants<\/a><\/blockquote><iframe sandbox=\"allow-scripts\" security=\"restricted\" src=\"https:\/\/www.casaldelsinfants.org\/es\/actualidad\/7a-edicion-check-solidario-aporta-21400-euros\/embed\/#?secret=wIXnml40hY\" width=\"600\" height=\"338\" title=\"\u00abLa 7a edici\u00f3n del \u201cCheck in solidari\u201d aporta cerca de 21.400\u20ac al servicio maternoinfantil Vincles del Casal dels Infants\u00bb \u2014 Casal dels Infants\" data-secret=\"wIXnml40hY\" frameborder=\"0\" marginwidth=\"0\" marginheight=\"0\" scrolling=\"no\" class=\"wp-embedded-content\"><\/iframe><script type=\"text\/javascript\">\n\/* <![CDATA[ *\/\n\/*! This file is auto-generated *\/\n!function(d,l){\"use strict\";l.querySelector&&d.addEventListener&&\"undefined\"!=typeof URL&&(d.wp=d.wp||{},d.wp.receiveEmbedMessage||(d.wp.receiveEmbedMessage=function(e){var t=e.data;if((t||t.secret||t.message||t.value)&&!\/[^a-zA-Z0-9]\/.test(t.secret)){for(var s,r,n,a=l.querySelectorAll('iframe[data-secret=\"'+t.secret+'\"]'),o=l.querySelectorAll('blockquote[data-secret=\"'+t.secret+'\"]'),c=new RegExp(\"^https?:$\",\"i\"),i=0;i<o.length;i++)o[i].style.display=\"none\";for(i=0;i<a.length;i++)s=a[i],e.source===s.contentWindow&&(s.removeAttribute(\"style\"),\"height\"===t.message?(1e3<(r=parseInt(t.value,10))?r=1e3:~~r<200&&(r=200),s.height=r):\"link\"===t.message&&(r=new URL(s.getAttribute(\"src\")),n=new URL(t.value),c.test(n.protocol))&&n.host===r.host&&l.activeElement===s&&(d.top.location.href=t.value))}},d.addEventListener(\"message\",d.wp.receiveEmbedMessage,!1),l.addEventListener(\"DOMContentLoaded\",function(){for(var e,t,s=l.querySelectorAll(\"iframe.wp-embedded-content\"),r=0;r<s.length;r++)(t=(e=s[r]).getAttribute(\"data-secret\"))||(t=Math.random().toString(36).substring(2,12),e.src+=\"#?secret=\"+t,e.setAttribute(\"data-secret\",t)),e.contentWindow.postMessage({message:\"ready\",secret:t},\"*\")},!1)))}(window,document);\n\/\/# sourceURL=https:\/\/www.casaldelsinfants.org\/wp-includes\/js\/wp-embed.min.js\n\/* ]]> *\/\n<\/script>\n","thumbnail_url":"https:\/\/www.casaldelsinfants.org\/wp-content\/uploads\/check_in_2020.jpg","thumbnail_width":800,"thumbnail_height":362,"description":"La Associaci\u00f3 d\u2019Apartaments Tur\u00edstics de Barcelona (APARTUR) y el Casal dels Infants cerraron el viernes 17 de enero la 7a\u00a0edici\u00f3n del \u201cCheck in solidari\u201d, la campa\u00f1a que durante el verano recaud\u00f3 fondos para el servicio Vincles del Casal dels Infants. En esta edici\u00f3n, la suma de la recaudaci\u00f3n alcanza los 21.397 euros y se superan [&hellip;]"}

La 7a edición del “Check in solidari” aporta cerca de 21.400€ al servicio maternoinfantil Vincles del Casal dels Infants - Casal dels Infants

<blockquote class="wp-embedded-content" data-secret="wIXnml40hY"><a href="https://www.casaldelsinfants.org/es/actualidad/7a-edicion-check-solidario-aporta-21400-euros/">La 7a edición del “Check in solidari” aporta cerca de 21.400€ al servicio maternoinfantil Vincles del Casal dels Infants</a></blockquote><iframe sandbox="allow-scripts" security="restricted" src="https://www.casaldelsinfants.org/es/actualidad/7a-edicion-check-solidario-aporta-21400-euros/embed/#?secret=wIXnml40hY" width="600" height="338" title="«La 7a edición del “Check in solidari” aporta cerca de 21.400€ al servicio maternoinfantil Vincles del Casal dels Infants» — Casal dels Infants" data-secret="wIXnml40hY" frameborder="0" marginwidth="0" marginheight="0" scrolling="no" class="wp-embedded-content"></iframe><script type="text/javascript">
/* <![CDATA[ */
/*! This file is auto-generated */
!function(d,l){"use strict";l.querySelector&&d.addEventListener&&"undefined"!=typeof URL&&(d.wp=d.wp||{},d.wp.receiveEmbedMessage||(d.wp.receiveEmbedMessage=function(e){var t=e.data;if((t||t.secret||t.message||t.value)&&!/[^a-zA-Z0-9]/.test(t.secret)){for(var s,r,n,a=l.querySelectorAll('iframe[data-secret="'+t.secret+'"]'),o=l.querySelectorAll('blockquote[data-secret="'+t.secret+'"]'),c=new RegExp("^https?:$","i"),i=0;i<o.length;i++)o[i].style.display="none";for(i=0;i<a.length;i++)s=a[i],e.source===s.contentWindow&&(s.removeAttribute("style"),"height"===t.message?(1e3<(r=parseInt(t.value,10))?r=1e3:~~r<200&&(r=200),s.height=r):"link"===t.message&&(r=new URL(s.getAttribute("src")),n=new URL(t.value),c.test(n.protocol))&&n.host===r.host&&l.activeElement===s&&(d.top.location.href=t.value))}},d.addEventListener("message",d.wp.receiveEmbedMessage,!1),l.addEventListener("DOMContentLoaded",function(){for(var e,t,s=l.querySelectorAll("iframe.wp-embedded-content"),r=0;r<s.length;r++)(t=(e=s[r]).getAttribute("data-secret"))||(t=Math.random().toString(36).substring(2,12),e.src+="#?secret="+t,e.setAttribute("data-secret",t)),e.contentWindow.postMessage({message:"ready",secret:t},"*")},!1)))}(window,document);
//# sourceURL=https://www.casaldelsinfants.org/wp-includes/js/wp-embed.min.js
/* ]]> */
</script>

La Associació d’Apartaments Turístics de Barcelona (APARTUR) y el Casal dels Infants cerraron el viernes 17 de enero la 7a edición del “Check in solidari”, la campaña que durante el verano recaudó fondos para el servicio Vincles del Casal dels Infants. En esta edición, la suma de la recaudación alcanza los 21.397 euros y se superan [&hellip;]
