{"version":"1.0","provider_name":"Casal dels Infants","provider_url":"https:\/\/www.casaldelsinfants.org\/es\/","title":"Reflexi\u00f3n y participaci\u00f3n activa en el D\u00eda Universal de los Derechos de la Infancia - Casal dels Infants","type":"rich","width":600,"height":338,"html":"<blockquote class=\"wp-embedded-content\" data-secret=\"J7407pmHEX\"><a href=\"https:\/\/www.casaldelsinfants.org\/es\/actualidad\/dia-universal-derechos-infancia\/\">Reflexi\u00f3n y participaci\u00f3n activa en el D\u00eda Universal de los Derechos de la Infancia<\/a><\/blockquote><iframe sandbox=\"allow-scripts\" security=\"restricted\" src=\"https:\/\/www.casaldelsinfants.org\/es\/actualidad\/dia-universal-derechos-infancia\/embed\/#?secret=J7407pmHEX\" width=\"600\" height=\"338\" title=\"\u00abReflexi\u00f3n y participaci\u00f3n activa en el D\u00eda Universal de los Derechos de la Infancia\u00bb \u2014 Casal dels Infants\" data-secret=\"J7407pmHEX\" frameborder=\"0\" marginwidth=\"0\" marginheight=\"0\" scrolling=\"no\" class=\"wp-embedded-content\"><\/iframe><script type=\"text\/javascript\">\n\/* <![CDATA[ *\/\n\/*! This file is auto-generated *\/\n!function(d,l){\"use strict\";l.querySelector&&d.addEventListener&&\"undefined\"!=typeof URL&&(d.wp=d.wp||{},d.wp.receiveEmbedMessage||(d.wp.receiveEmbedMessage=function(e){var t=e.data;if((t||t.secret||t.message||t.value)&&!\/[^a-zA-Z0-9]\/.test(t.secret)){for(var s,r,n,a=l.querySelectorAll('iframe[data-secret=\"'+t.secret+'\"]'),o=l.querySelectorAll('blockquote[data-secret=\"'+t.secret+'\"]'),c=new RegExp(\"^https?:$\",\"i\"),i=0;i<o.length;i++)o[i].style.display=\"none\";for(i=0;i<a.length;i++)s=a[i],e.source===s.contentWindow&&(s.removeAttribute(\"style\"),\"height\"===t.message?(1e3<(r=parseInt(t.value,10))?r=1e3:~~r<200&&(r=200),s.height=r):\"link\"===t.message&&(r=new URL(s.getAttribute(\"src\")),n=new URL(t.value),c.test(n.protocol))&&n.host===r.host&&l.activeElement===s&&(d.top.location.href=t.value))}},d.addEventListener(\"message\",d.wp.receiveEmbedMessage,!1),l.addEventListener(\"DOMContentLoaded\",function(){for(var e,t,s=l.querySelectorAll(\"iframe.wp-embedded-content\"),r=0;r<s.length;r++)(t=(e=s[r]).getAttribute(\"data-secret\"))||(t=Math.random().toString(36).substring(2,12),e.src+=\"#?secret=\"+t,e.setAttribute(\"data-secret\",t)),e.contentWindow.postMessage({message:\"ready\",secret:t},\"*\")},!1)))}(window,document);\n\/\/# sourceURL=https:\/\/www.casaldelsinfants.org\/wp-includes\/js\/wp-embed.min.js\n\/* ]]> *\/\n<\/script>\n","thumbnail_url":"https:\/\/www.casaldelsinfants.org\/wp-content\/uploads\/IMG-20171120-WA0015.jpg","thumbnail_width":1600,"thumbnail_height":1200,"description":"Las ni\u00f1as y los ni\u00f1os del Casal dels Infants participaron este lunes 20 de noviembre en distintas actividades relacionadas con el D\u00eda Universal de los Derechos de la Infancia, aprendiendo as\u00ed desde peque\u00f1os sus principales derechos y la importancia de reivindicarlos. Lo hicieron, como siempre, acompa\u00f1ados por los educadores y educadoras y las personas voluntarias, [&hellip;]"}

Reflexión y participación activa en el Día Universal de los Derechos de la Infancia - Casal dels Infants

<blockquote class="wp-embedded-content" data-secret="J7407pmHEX"><a href="https://www.casaldelsinfants.org/es/actualidad/dia-universal-derechos-infancia/">Reflexión y participación activa en el Día Universal de los Derechos de la Infancia</a></blockquote><iframe sandbox="allow-scripts" security="restricted" src="https://www.casaldelsinfants.org/es/actualidad/dia-universal-derechos-infancia/embed/#?secret=J7407pmHEX" width="600" height="338" title="«Reflexión y participación activa en el Día Universal de los Derechos de la Infancia» — Casal dels Infants" data-secret="J7407pmHEX" frameborder="0" marginwidth="0" marginheight="0" scrolling="no" class="wp-embedded-content"></iframe><script type="text/javascript">
/* <![CDATA[ */
/*! This file is auto-generated */
!function(d,l){"use strict";l.querySelector&&d.addEventListener&&"undefined"!=typeof URL&&(d.wp=d.wp||{},d.wp.receiveEmbedMessage||(d.wp.receiveEmbedMessage=function(e){var t=e.data;if((t||t.secret||t.message||t.value)&&!/[^a-zA-Z0-9]/.test(t.secret)){for(var s,r,n,a=l.querySelectorAll('iframe[data-secret="'+t.secret+'"]'),o=l.querySelectorAll('blockquote[data-secret="'+t.secret+'"]'),c=new RegExp("^https?:$","i"),i=0;i<o.length;i++)o[i].style.display="none";for(i=0;i<a.length;i++)s=a[i],e.source===s.contentWindow&&(s.removeAttribute("style"),"height"===t.message?(1e3<(r=parseInt(t.value,10))?r=1e3:~~r<200&&(r=200),s.height=r):"link"===t.message&&(r=new URL(s.getAttribute("src")),n=new URL(t.value),c.test(n.protocol))&&n.host===r.host&&l.activeElement===s&&(d.top.location.href=t.value))}},d.addEventListener("message",d.wp.receiveEmbedMessage,!1),l.addEventListener("DOMContentLoaded",function(){for(var e,t,s=l.querySelectorAll("iframe.wp-embedded-content"),r=0;r<s.length;r++)(t=(e=s[r]).getAttribute("data-secret"))||(t=Math.random().toString(36).substring(2,12),e.src+="#?secret="+t,e.setAttribute("data-secret",t)),e.contentWindow.postMessage({message:"ready",secret:t},"*")},!1)))}(window,document);
//# sourceURL=https://www.casaldelsinfants.org/wp-includes/js/wp-embed.min.js
/* ]]> */
</script>

Las niñas y los niños del Casal dels Infants participaron este lunes 20 de noviembre en distintas actividades relacionadas con el Día Universal de los Derechos de la Infancia, aprendiendo así desde pequeños sus principales derechos y la importancia de reivindicarlos. Lo hicieron, como siempre, acompañados por los educadores y educadoras y las personas voluntarias, [&hellip;]
