{"version":"1.0","provider_name":"Casal dels Infants","provider_url":"https:\/\/www.casaldelsinfants.org\/es\/","title":"Encuentro de Empresas Ciudadanas del Casal dels Infants","type":"rich","width":600,"height":338,"html":"<blockquote class=\"wp-embedded-content\" data-secret=\"3ti66gmeDk\"><a href=\"https:\/\/www.casaldelsinfants.org\/es\/actualidad\/encuentro-red-empresas-ciudadanas-suma-esfuerzos\/\">El Encuentro de la Red de Empresas Ciudadanas pone en valor la suma de esfuerzos de las empresas y el Casal dels Infants<\/a><\/blockquote><iframe sandbox=\"allow-scripts\" security=\"restricted\" src=\"https:\/\/www.casaldelsinfants.org\/es\/actualidad\/encuentro-red-empresas-ciudadanas-suma-esfuerzos\/embed\/#?secret=3ti66gmeDk\" width=\"600\" height=\"338\" title=\"\u00abEl Encuentro de la Red de Empresas Ciudadanas pone en valor la suma de esfuerzos de las empresas y el Casal dels Infants\u00bb \u2014 Casal dels Infants\" data-secret=\"3ti66gmeDk\" frameborder=\"0\" marginwidth=\"0\" marginheight=\"0\" scrolling=\"no\" class=\"wp-embedded-content\"><\/iframe><script type=\"text\/javascript\">\n\/* <![CDATA[ *\/\n\/*! This file is auto-generated *\/\n!function(d,l){\"use strict\";l.querySelector&&d.addEventListener&&\"undefined\"!=typeof URL&&(d.wp=d.wp||{},d.wp.receiveEmbedMessage||(d.wp.receiveEmbedMessage=function(e){var t=e.data;if((t||t.secret||t.message||t.value)&&!\/[^a-zA-Z0-9]\/.test(t.secret)){for(var s,r,n,a=l.querySelectorAll('iframe[data-secret=\"'+t.secret+'\"]'),o=l.querySelectorAll('blockquote[data-secret=\"'+t.secret+'\"]'),c=new RegExp(\"^https?:$\",\"i\"),i=0;i<o.length;i++)o[i].style.display=\"none\";for(i=0;i<a.length;i++)s=a[i],e.source===s.contentWindow&&(s.removeAttribute(\"style\"),\"height\"===t.message?(1e3<(r=parseInt(t.value,10))?r=1e3:~~r<200&&(r=200),s.height=r):\"link\"===t.message&&(r=new URL(s.getAttribute(\"src\")),n=new URL(t.value),c.test(n.protocol))&&n.host===r.host&&l.activeElement===s&&(d.top.location.href=t.value))}},d.addEventListener(\"message\",d.wp.receiveEmbedMessage,!1),l.addEventListener(\"DOMContentLoaded\",function(){for(var e,t,s=l.querySelectorAll(\"iframe.wp-embedded-content\"),r=0;r<s.length;r++)(t=(e=s[r]).getAttribute(\"data-secret\"))||(t=Math.random().toString(36).substring(2,12),e.src+=\"#?secret=\"+t,e.setAttribute(\"data-secret\",t)),e.contentWindow.postMessage({message:\"ready\",secret:t},\"*\")},!1)))}(window,document);\n\/\/# sourceURL=https:\/\/www.casaldelsinfants.org\/wp-includes\/js\/wp-embed.min.js\n\/* ]]> *\/\n<\/script>\n","thumbnail_url":"https:\/\/www.casaldelsinfants.org\/wp-content\/uploads\/g9a2037-scaled.jpg","thumbnail_width":2560,"thumbnail_height":1707,"description":"El Encuentro de la Red de Empresas Ciudadanas que colaboran con el Casal dels Infants se celebr\u00f3 el 25 de octubre en el Hotel Arts con la participaci\u00f3n de una cuarentena de empresas. M\u00e1s de 400 empresas dan su apoyo cada a\u00f1o a la asociaci\u00f3n en el acompa\u00f1amiento de m\u00e1s de 7.000 ni\u00f1os, ni\u00f1as, j\u00f3venes, padres y madres."}

El Encuentro de la Red de Empresas Ciudadanas que colaboran con el Casal dels Infants se celebró el 25 de octubre en el Hotel Arts con la participación de una cuarentena de empresas. Más de 400 empresas dan su apoyo cada año a la asociación en el acompañamiento de más de 7.000 niños, niñas, jóvenes, padres y madres.
