{"version":"1.0","provider_name":"Casal dels Infants","provider_url":"https:\/\/www.casaldelsinfants.org\/es\/","title":"\u201cMe gusta que los chicos y chicas me vean como alguien que los puede escuchar y ayudar\u201d - Casal dels Infants","type":"rich","width":600,"height":338,"html":"<blockquote class=\"wp-embedded-content\" data-secret=\"PZcSBbe5rH\"><a href=\"https:\/\/www.casaldelsinfants.org\/es\/actualidad\/entrevista-colaborador-casal-dels-infants\/\">\u201cMe gusta que los chicos y chicas me vean como alguien que los puede escuchar y ayudar\u201d<\/a><\/blockquote><iframe sandbox=\"allow-scripts\" security=\"restricted\" src=\"https:\/\/www.casaldelsinfants.org\/es\/actualidad\/entrevista-colaborador-casal-dels-infants\/embed\/#?secret=PZcSBbe5rH\" width=\"600\" height=\"338\" title=\"\u00ab\u201cMe gusta que los chicos y chicas me vean como alguien que los puede escuchar y ayudar\u201d\u00bb \u2014 Casal dels Infants\" data-secret=\"PZcSBbe5rH\" frameborder=\"0\" marginwidth=\"0\" marginheight=\"0\" scrolling=\"no\" class=\"wp-embedded-content\"><\/iframe><script type=\"text\/javascript\">\n\/* <![CDATA[ *\/\n\/*! This file is auto-generated *\/\n!function(d,l){\"use strict\";l.querySelector&&d.addEventListener&&\"undefined\"!=typeof URL&&(d.wp=d.wp||{},d.wp.receiveEmbedMessage||(d.wp.receiveEmbedMessage=function(e){var t=e.data;if((t||t.secret||t.message||t.value)&&!\/[^a-zA-Z0-9]\/.test(t.secret)){for(var s,r,n,a=l.querySelectorAll('iframe[data-secret=\"'+t.secret+'\"]'),o=l.querySelectorAll('blockquote[data-secret=\"'+t.secret+'\"]'),c=new RegExp(\"^https?:$\",\"i\"),i=0;i<o.length;i++)o[i].style.display=\"none\";for(i=0;i<a.length;i++)s=a[i],e.source===s.contentWindow&&(s.removeAttribute(\"style\"),\"height\"===t.message?(1e3<(r=parseInt(t.value,10))?r=1e3:~~r<200&&(r=200),s.height=r):\"link\"===t.message&&(r=new URL(s.getAttribute(\"src\")),n=new URL(t.value),c.test(n.protocol))&&n.host===r.host&&l.activeElement===s&&(d.top.location.href=t.value))}},d.addEventListener(\"message\",d.wp.receiveEmbedMessage,!1),l.addEventListener(\"DOMContentLoaded\",function(){for(var e,t,s=l.querySelectorAll(\"iframe.wp-embedded-content\"),r=0;r<s.length;r++)(t=(e=s[r]).getAttribute(\"data-secret\"))||(t=Math.random().toString(36).substring(2,12),e.src+=\"#?secret=\"+t,e.setAttribute(\"data-secret\",t)),e.contentWindow.postMessage({message:\"ready\",secret:t},\"*\")},!1)))}(window,document);\n\/\/# sourceURL=https:\/\/www.casaldelsinfants.org\/wp-includes\/js\/wp-embed.min.js\n\/* ]]> *\/\n<\/script>\n","description":"\u00a0 Miquel Hernando, educador del Casal Obert d\u2019Adolescents del Raval(COA) \u00a0\u2014 Tiene 22 a\u00f1os, pero lleva m\u00e1s de cinco en el Casal dels Infants. Empez\u00f3 en la asociaci\u00f3n como voluntario, atendiendo comedores escolares. Es joven, s\u00ed, pero tambi\u00e9n mucho m\u00e1s que el prototipo de monitor guai . Est\u00e1 orgulloso de poder ser un referente positivo para los chicos y chicas, de ofrecerles un entorno seguro y de formar parte de un equipo de trabajo donde ha hecho buenos amigos y amigas. Del Raval le gusta que ganen peso las entidades, pero querr\u00eda que, adem\u00e1s de ser un lugar bonito para pasear, los vecinos vivieran en mejores condiciones. \u00a0"}

Miquel Hernando, educador del Casal Obert d’Adolescents del Raval(COA)  — Tiene 22 años, pero lleva más de cinco en el Casal dels Infants. Empezó en la asociación como voluntario, atendiendo comedores escolares. Es joven, sí, pero también mucho más que el prototipo de monitor guai . Está orgulloso de poder ser un referente positivo para los chicos y chicas, de ofrecerles un entorno seguro y de formar parte de un equipo de trabajo donde ha hecho buenos amigos y amigas. Del Raval le gusta que ganen peso las entidades, pero querría que, además de ser un lugar bonito para pasear, los vecinos vivieran en mejores condiciones.
