{"version":"1.0","provider_name":"Casal dels Infants","provider_url":"https:\/\/www.casaldelsinfants.org\/es\/","title":"Fedaia reclama a\u00f1adir 130 millones de euros para la atenci\u00f3n a la infancia en los presupuestos de la Generalitat - Casal dels Infants","type":"rich","width":600,"height":338,"html":"<blockquote class=\"wp-embedded-content\" data-secret=\"522m6DyHoY\"><a href=\"https:\/\/www.casaldelsinfants.org\/es\/actualidad\/fedaia-reclama-atencion-infancia-en-presupuestos\/\">Fedaia  reclama a\u00f1adir 130 millones de euros para la atenci\u00f3n a la infancia en los presupuestos de la Generalitat<\/a><\/blockquote><iframe sandbox=\"allow-scripts\" security=\"restricted\" src=\"https:\/\/www.casaldelsinfants.org\/es\/actualidad\/fedaia-reclama-atencion-infancia-en-presupuestos\/embed\/#?secret=522m6DyHoY\" width=\"600\" height=\"338\" title=\"\u00abFedaia  reclama a\u00f1adir 130 millones de euros para la atenci\u00f3n a la infancia en los presupuestos de la Generalitat\u00bb \u2014 Casal dels Infants\" data-secret=\"522m6DyHoY\" frameborder=\"0\" marginwidth=\"0\" marginheight=\"0\" scrolling=\"no\" class=\"wp-embedded-content\"><\/iframe><script type=\"text\/javascript\">\n\/* <![CDATA[ *\/\n\/*! This file is auto-generated *\/\n!function(d,l){\"use strict\";l.querySelector&&d.addEventListener&&\"undefined\"!=typeof URL&&(d.wp=d.wp||{},d.wp.receiveEmbedMessage||(d.wp.receiveEmbedMessage=function(e){var t=e.data;if((t||t.secret||t.message||t.value)&&!\/[^a-zA-Z0-9]\/.test(t.secret)){for(var s,r,n,a=l.querySelectorAll('iframe[data-secret=\"'+t.secret+'\"]'),o=l.querySelectorAll('blockquote[data-secret=\"'+t.secret+'\"]'),c=new RegExp(\"^https?:$\",\"i\"),i=0;i<o.length;i++)o[i].style.display=\"none\";for(i=0;i<a.length;i++)s=a[i],e.source===s.contentWindow&&(s.removeAttribute(\"style\"),\"height\"===t.message?(1e3<(r=parseInt(t.value,10))?r=1e3:~~r<200&&(r=200),s.height=r):\"link\"===t.message&&(r=new URL(s.getAttribute(\"src\")),n=new URL(t.value),c.test(n.protocol))&&n.host===r.host&&l.activeElement===s&&(d.top.location.href=t.value))}},d.addEventListener(\"message\",d.wp.receiveEmbedMessage,!1),l.addEventListener(\"DOMContentLoaded\",function(){for(var e,t,s=l.querySelectorAll(\"iframe.wp-embedded-content\"),r=0;r<s.length;r++)(t=(e=s[r]).getAttribute(\"data-secret\"))||(t=Math.random().toString(36).substring(2,12),e.src+=\"#?secret=\"+t,e.setAttribute(\"data-secret\",t)),e.contentWindow.postMessage({message:\"ready\",secret:t},\"*\")},!1)))}(window,document);\n\/\/# sourceURL=https:\/\/www.casaldelsinfants.org\/wp-includes\/js\/wp-embed.min.js\n\/* ]]> *\/\n<\/script>\n","thumbnail_url":"https:\/\/www.casaldelsinfants.org\/wp-content\/uploads\/fedaia_omplim_motxilles_doportunitats.jpg","thumbnail_width":440,"thumbnail_height":220,"description":"La Federaci\u00f3 d\u2019entitats d\u2019atenci\u00f3 a la inf\u00e0ncia i l\u2019adolesc\u00e8ncia (Fedaia), de la cual el Casal dels Infants es miembro, lanz\u00f3 este lunes la campa\u00f1a \u201cLlenamos mochilas de oportunidades\u201d en un acto en la plaza dels \u00c0ngels en el que reclam\u00f3 a\u00f1adir 130 millores de euros a la propuesta de presupuestos de la Generalitat para el [&hellip;]"}

Fedaia reclama añadir 130 millones de euros para la atención a la infancia en los presupuestos de la Generalitat - Casal dels Infants

<blockquote class="wp-embedded-content" data-secret="522m6DyHoY"><a href="https://www.casaldelsinfants.org/es/actualidad/fedaia-reclama-atencion-infancia-en-presupuestos/">Fedaia  reclama añadir 130 millones de euros para la atención a la infancia en los presupuestos de la Generalitat</a></blockquote><iframe sandbox="allow-scripts" security="restricted" src="https://www.casaldelsinfants.org/es/actualidad/fedaia-reclama-atencion-infancia-en-presupuestos/embed/#?secret=522m6DyHoY" width="600" height="338" title="«Fedaia  reclama añadir 130 millones de euros para la atención a la infancia en los presupuestos de la Generalitat» — Casal dels Infants" data-secret="522m6DyHoY" frameborder="0" marginwidth="0" marginheight="0" scrolling="no" class="wp-embedded-content"></iframe><script type="text/javascript">
/* <![CDATA[ */
/*! This file is auto-generated */
!function(d,l){"use strict";l.querySelector&&d.addEventListener&&"undefined"!=typeof URL&&(d.wp=d.wp||{},d.wp.receiveEmbedMessage||(d.wp.receiveEmbedMessage=function(e){var t=e.data;if((t||t.secret||t.message||t.value)&&!/[^a-zA-Z0-9]/.test(t.secret)){for(var s,r,n,a=l.querySelectorAll('iframe[data-secret="'+t.secret+'"]'),o=l.querySelectorAll('blockquote[data-secret="'+t.secret+'"]'),c=new RegExp("^https?:$","i"),i=0;i<o.length;i++)o[i].style.display="none";for(i=0;i<a.length;i++)s=a[i],e.source===s.contentWindow&&(s.removeAttribute("style"),"height"===t.message?(1e3<(r=parseInt(t.value,10))?r=1e3:~~r<200&&(r=200),s.height=r):"link"===t.message&&(r=new URL(s.getAttribute("src")),n=new URL(t.value),c.test(n.protocol))&&n.host===r.host&&l.activeElement===s&&(d.top.location.href=t.value))}},d.addEventListener("message",d.wp.receiveEmbedMessage,!1),l.addEventListener("DOMContentLoaded",function(){for(var e,t,s=l.querySelectorAll("iframe.wp-embedded-content"),r=0;r<s.length;r++)(t=(e=s[r]).getAttribute("data-secret"))||(t=Math.random().toString(36).substring(2,12),e.src+="#?secret="+t,e.setAttribute("data-secret",t)),e.contentWindow.postMessage({message:"ready",secret:t},"*")},!1)))}(window,document);
//# sourceURL=https://www.casaldelsinfants.org/wp-includes/js/wp-embed.min.js
/* ]]> */
</script>

La Federació d’entitats d’atenció a la infància i l’adolescència (Fedaia), de la cual el Casal dels Infants es miembro, lanzó este lunes la campaña “Llenamos mochilas de oportunidades” en un acto en la plaza dels Àngels en el que reclamó añadir 130 millores de euros a la propuesta de presupuestos de la Generalitat para el [&hellip;]
