{"version":"1.0","provider_name":"Casal dels Infants","provider_url":"https:\/\/www.casaldelsinfants.org\/es\/","title":"Las participantes del Espai Dona del Raval se adentran al mar con el Institut de N\u00e0utica de Barcelona - Casal dels Infants","type":"rich","width":600,"height":338,"html":"<blockquote class=\"wp-embedded-content\" data-secret=\"UYhBfLV5Bd\"><a href=\"https:\/\/www.casaldelsinfants.org\/es\/actualidad\/participantes-espai-dona-mar\/\">Las participantes del Espai Dona del Raval se adentran al mar con el Institut de N\u00e0utica de Barcelona<\/a><\/blockquote><iframe sandbox=\"allow-scripts\" security=\"restricted\" src=\"https:\/\/www.casaldelsinfants.org\/es\/actualidad\/participantes-espai-dona-mar\/embed\/#?secret=UYhBfLV5Bd\" width=\"600\" height=\"338\" title=\"\u00abLas participantes del Espai Dona del Raval se adentran al mar con el Institut de N\u00e0utica de Barcelona\u00bb \u2014 Casal dels Infants\" data-secret=\"UYhBfLV5Bd\" frameborder=\"0\" marginwidth=\"0\" marginheight=\"0\" scrolling=\"no\" class=\"wp-embedded-content\"><\/iframe><script type=\"text\/javascript\">\n\/* <![CDATA[ *\/\n\/*! This file is auto-generated *\/\n!function(d,l){\"use strict\";l.querySelector&&d.addEventListener&&\"undefined\"!=typeof URL&&(d.wp=d.wp||{},d.wp.receiveEmbedMessage||(d.wp.receiveEmbedMessage=function(e){var t=e.data;if((t||t.secret||t.message||t.value)&&!\/[^a-zA-Z0-9]\/.test(t.secret)){for(var s,r,n,a=l.querySelectorAll('iframe[data-secret=\"'+t.secret+'\"]'),o=l.querySelectorAll('blockquote[data-secret=\"'+t.secret+'\"]'),c=new RegExp(\"^https?:$\",\"i\"),i=0;i<o.length;i++)o[i].style.display=\"none\";for(i=0;i<a.length;i++)s=a[i],e.source===s.contentWindow&&(s.removeAttribute(\"style\"),\"height\"===t.message?(1e3<(r=parseInt(t.value,10))?r=1e3:~~r<200&&(r=200),s.height=r):\"link\"===t.message&&(r=new URL(s.getAttribute(\"src\")),n=new URL(t.value),c.test(n.protocol))&&n.host===r.host&&l.activeElement===s&&(d.top.location.href=t.value))}},d.addEventListener(\"message\",d.wp.receiveEmbedMessage,!1),l.addEventListener(\"DOMContentLoaded\",function(){for(var e,t,s=l.querySelectorAll(\"iframe.wp-embedded-content\"),r=0;r<s.length;r++)(t=(e=s[r]).getAttribute(\"data-secret\"))||(t=Math.random().toString(36).substring(2,12),e.src+=\"#?secret=\"+t,e.setAttribute(\"data-secret\",t)),e.contentWindow.postMessage({message:\"ready\",secret:t},\"*\")},!1)))}(window,document);\n\/\/# sourceURL=https:\/\/www.casaldelsinfants.org\/wp-includes\/js\/wp-embed.min.js\n\/* ]]> *\/\n<\/script>\n","thumbnail_url":"https:\/\/www.casaldelsinfants.org\/wp-content\/uploads\/img_20221024_112610-scaled-1.webp","thumbnail_width":2560,"thumbnail_height":1920,"description":"&nbsp; Este curso, les dones de l\u2019Espai Dona del Casal dels Infants del Raval estan preparades per descobrir espacios y participar en actividades nuevas. El primer taller es en colaboraci\u00f3n con el Institut de N\u00e0utica de Barcelona, que las lleva cada lunes por la ma\u00f1ana en la playa de la Barceloneta.\u00a0 El objetivo es brindar [&hellip;]"}

Las participantes del Espai Dona del Raval se adentran al mar con el Institut de Nàutica de Barcelona - Casal dels Infants

<blockquote class="wp-embedded-content" data-secret="UYhBfLV5Bd"><a href="https://www.casaldelsinfants.org/es/actualidad/participantes-espai-dona-mar/">Las participantes del Espai Dona del Raval se adentran al mar con el Institut de Nàutica de Barcelona</a></blockquote><iframe sandbox="allow-scripts" security="restricted" src="https://www.casaldelsinfants.org/es/actualidad/participantes-espai-dona-mar/embed/#?secret=UYhBfLV5Bd" width="600" height="338" title="«Las participantes del Espai Dona del Raval se adentran al mar con el Institut de Nàutica de Barcelona» — Casal dels Infants" data-secret="UYhBfLV5Bd" frameborder="0" marginwidth="0" marginheight="0" scrolling="no" class="wp-embedded-content"></iframe><script type="text/javascript">
/* <![CDATA[ */
/*! This file is auto-generated */
!function(d,l){"use strict";l.querySelector&&d.addEventListener&&"undefined"!=typeof URL&&(d.wp=d.wp||{},d.wp.receiveEmbedMessage||(d.wp.receiveEmbedMessage=function(e){var t=e.data;if((t||t.secret||t.message||t.value)&&!/[^a-zA-Z0-9]/.test(t.secret)){for(var s,r,n,a=l.querySelectorAll('iframe[data-secret="'+t.secret+'"]'),o=l.querySelectorAll('blockquote[data-secret="'+t.secret+'"]'),c=new RegExp("^https?:$","i"),i=0;i<o.length;i++)o[i].style.display="none";for(i=0;i<a.length;i++)s=a[i],e.source===s.contentWindow&&(s.removeAttribute("style"),"height"===t.message?(1e3<(r=parseInt(t.value,10))?r=1e3:~~r<200&&(r=200),s.height=r):"link"===t.message&&(r=new URL(s.getAttribute("src")),n=new URL(t.value),c.test(n.protocol))&&n.host===r.host&&l.activeElement===s&&(d.top.location.href=t.value))}},d.addEventListener("message",d.wp.receiveEmbedMessage,!1),l.addEventListener("DOMContentLoaded",function(){for(var e,t,s=l.querySelectorAll("iframe.wp-embedded-content"),r=0;r<s.length;r++)(t=(e=s[r]).getAttribute("data-secret"))||(t=Math.random().toString(36).substring(2,12),e.src+="#?secret="+t,e.setAttribute("data-secret",t)),e.contentWindow.postMessage({message:"ready",secret:t},"*")},!1)))}(window,document);
//# sourceURL=https://www.casaldelsinfants.org/wp-includes/js/wp-embed.min.js
/* ]]> */
</script>

&nbsp; Este curso, les dones de l’Espai Dona del Casal dels Infants del Raval estan preparades per descobrir espacios y participar en actividades nuevas. El primer taller es en colaboración con el Institut de Nàutica de Barcelona, que las lleva cada lunes por la mañana en la playa de la Barceloneta.  El objetivo es brindar [&hellip;]
