{"version":"1.0","provider_name":"Casal dels Infants","provider_url":"https:\/\/www.casaldelsinfants.org\/es\/","title":"Pobresa Zero-Just\u00edcia Global exige derechos fundamentales contra la pobreza y las desigualdades - Casal dels Infants","type":"rich","width":600,"height":338,"html":"<blockquote class=\"wp-embedded-content\" data-secret=\"0YZ8AaPCZr\"><a href=\"https:\/\/www.casaldelsinfants.org\/es\/actualidad\/pobreza-zero-justicia-global\/\">Pobresa Zero-Just\u00edcia Global exige derechos fundamentales contra la pobreza y las desigualdades<\/a><\/blockquote><iframe sandbox=\"allow-scripts\" security=\"restricted\" src=\"https:\/\/www.casaldelsinfants.org\/es\/actualidad\/pobreza-zero-justicia-global\/embed\/#?secret=0YZ8AaPCZr\" width=\"600\" height=\"338\" title=\"\u00abPobresa Zero-Just\u00edcia Global exige derechos fundamentales contra la pobreza y las desigualdades\u00bb \u2014 Casal dels Infants\" data-secret=\"0YZ8AaPCZr\" frameborder=\"0\" marginwidth=\"0\" marginheight=\"0\" scrolling=\"no\" class=\"wp-embedded-content\"><\/iframe><script type=\"text\/javascript\">\n\/* <![CDATA[ *\/\n\/*! This file is auto-generated *\/\n!function(d,l){\"use strict\";l.querySelector&&d.addEventListener&&\"undefined\"!=typeof URL&&(d.wp=d.wp||{},d.wp.receiveEmbedMessage||(d.wp.receiveEmbedMessage=function(e){var t=e.data;if((t||t.secret||t.message||t.value)&&!\/[^a-zA-Z0-9]\/.test(t.secret)){for(var s,r,n,a=l.querySelectorAll('iframe[data-secret=\"'+t.secret+'\"]'),o=l.querySelectorAll('blockquote[data-secret=\"'+t.secret+'\"]'),c=new RegExp(\"^https?:$\",\"i\"),i=0;i<o.length;i++)o[i].style.display=\"none\";for(i=0;i<a.length;i++)s=a[i],e.source===s.contentWindow&&(s.removeAttribute(\"style\"),\"height\"===t.message?(1e3<(r=parseInt(t.value,10))?r=1e3:~~r<200&&(r=200),s.height=r):\"link\"===t.message&&(r=new URL(s.getAttribute(\"src\")),n=new URL(t.value),c.test(n.protocol))&&n.host===r.host&&l.activeElement===s&&(d.top.location.href=t.value))}},d.addEventListener(\"message\",d.wp.receiveEmbedMessage,!1),l.addEventListener(\"DOMContentLoaded\",function(){for(var e,t,s=l.querySelectorAll(\"iframe.wp-embedded-content\"),r=0;r<s.length;r++)(t=(e=s[r]).getAttribute(\"data-secret\"))||(t=Math.random().toString(36).substring(2,12),e.src+=\"#?secret=\"+t,e.setAttribute(\"data-secret\",t)),e.contentWindow.postMessage({message:\"ready\",secret:t},\"*\")},!1)))}(window,document);\n\/\/# sourceURL=https:\/\/www.casaldelsinfants.org\/wp-includes\/js\/wp-embed.min.js\n\/* ]]> *\/\n<\/script>\n","thumbnail_url":"https:\/\/www.casaldelsinfants.org\/wp-content\/uploads\/PZ-JG-FOTO-PZ-JG-JUOAN-LUZZATTI.jpg","thumbnail_width":640,"thumbnail_height":383,"description":"La plataforma Pobresa Zero-Just\u00edcia Global (PZ-JG), integrada por m\u00e1s de 3.200 entidades, entre las cuales el Casal dels Infants, ha exigido esta ma\u00f1ana la garant\u00eda de los derechos fundamentales de la ciudadan\u00eda para poder erradicar la pobreza y las desigualdades, el objetivo por el cual se articula la plataforma. Lo ha hecho en un acto [&hellip;]"}

Pobresa Zero-Justícia Global exige derechos fundamentales contra la pobreza y las desigualdades - Casal dels Infants

<blockquote class="wp-embedded-content" data-secret="0YZ8AaPCZr"><a href="https://www.casaldelsinfants.org/es/actualidad/pobreza-zero-justicia-global/">Pobresa Zero-Justícia Global exige derechos fundamentales contra la pobreza y las desigualdades</a></blockquote><iframe sandbox="allow-scripts" security="restricted" src="https://www.casaldelsinfants.org/es/actualidad/pobreza-zero-justicia-global/embed/#?secret=0YZ8AaPCZr" width="600" height="338" title="«Pobresa Zero-Justícia Global exige derechos fundamentales contra la pobreza y las desigualdades» — Casal dels Infants" data-secret="0YZ8AaPCZr" frameborder="0" marginwidth="0" marginheight="0" scrolling="no" class="wp-embedded-content"></iframe><script type="text/javascript">
/* <![CDATA[ */
/*! This file is auto-generated */
!function(d,l){"use strict";l.querySelector&&d.addEventListener&&"undefined"!=typeof URL&&(d.wp=d.wp||{},d.wp.receiveEmbedMessage||(d.wp.receiveEmbedMessage=function(e){var t=e.data;if((t||t.secret||t.message||t.value)&&!/[^a-zA-Z0-9]/.test(t.secret)){for(var s,r,n,a=l.querySelectorAll('iframe[data-secret="'+t.secret+'"]'),o=l.querySelectorAll('blockquote[data-secret="'+t.secret+'"]'),c=new RegExp("^https?:$","i"),i=0;i<o.length;i++)o[i].style.display="none";for(i=0;i<a.length;i++)s=a[i],e.source===s.contentWindow&&(s.removeAttribute("style"),"height"===t.message?(1e3<(r=parseInt(t.value,10))?r=1e3:~~r<200&&(r=200),s.height=r):"link"===t.message&&(r=new URL(s.getAttribute("src")),n=new URL(t.value),c.test(n.protocol))&&n.host===r.host&&l.activeElement===s&&(d.top.location.href=t.value))}},d.addEventListener("message",d.wp.receiveEmbedMessage,!1),l.addEventListener("DOMContentLoaded",function(){for(var e,t,s=l.querySelectorAll("iframe.wp-embedded-content"),r=0;r<s.length;r++)(t=(e=s[r]).getAttribute("data-secret"))||(t=Math.random().toString(36).substring(2,12),e.src+="#?secret="+t,e.setAttribute("data-secret",t)),e.contentWindow.postMessage({message:"ready",secret:t},"*")},!1)))}(window,document);
//# sourceURL=https://www.casaldelsinfants.org/wp-includes/js/wp-embed.min.js
/* ]]> */
</script>

La plataforma Pobresa Zero-Justícia Global (PZ-JG), integrada por más de 3.200 entidades, entre las cuales el Casal dels Infants, ha exigido esta mañana la garantía de los derechos fundamentales de la ciudadanía para poder erradicar la pobreza y las desigualdades, el objetivo por el cual se articula la plataforma. Lo ha hecho en un acto [&hellip;]
