{"id":48390,"date":"2026-03-23T10:31:36","date_gmt":"2026-03-23T08:31:36","guid":{"rendered":"https:\/\/www.casaldelsinfants.org\/?post_type=oferta-treball&#038;p=48390"},"modified":"2026-03-23T10:40:38","modified_gmt":"2026-03-23T08:40:38","slug":"tecnico-a-medio-de-refuerzo-por-casales-de-verano-y-colonias","status":"publish","type":"oferta-treball","link":"https:\/\/www.casaldelsinfants.org\/es\/oferta-trabajo\/tecnico-a-medio-de-refuerzo-por-casales-de-verano-y-colonias\/","title":{"rendered":"T\u00e9cnico\/a medio de refuerzo por casales de verano y colonias"},"content":{"rendered":"<p>Buscamos personas para dar refuerzo en las actividades de verano (casales de verano y colonias) en los servicios de ni\u00f1os y adolescentes que tenemos en los diferentes territorios de Santa Coloma, Badalona, Sant Adri\u00e0 de Bes\u00f2s y Barcelona.<\/p>\n","protected":false},"featured_media":0,"template":"","meta":{"_acf_changed":false,"_et_pb_use_builder":"","_et_pb_old_content":"","_et_gb_content_width":"","inline_featured_image":false},"seus":[155,159,160,208,157],"eixos":[205],"treballa-amb-nosaltres":[],"class_list":["post-48390","oferta-treball","type-oferta-treball","status-publish","hentry","seus-badalona","seus-salt","seus-santa-coloma-de-gramenet","seus-el-casal-dels-infants-del-besos-i-la-mina-es","seus-el-raval","eixos-infancia-y-adolescencia-es"],"acf":[],"yoast_head":"<!-- This site is optimized with the Yoast SEO plugin v27.4 - https:\/\/yoast.com\/product\/yoast-seo-wordpress\/ -->\n<title>T\u00e9cnico\/a medio de refuerzo por casales de verano y colonias - Casal dels Infants<\/title>\n<meta name=\"robots\" content=\"index, follow, max-snippet:-1, max-image-preview:large, max-video-preview:-1\" \/>\n<link rel=\"canonical\" href=\"https:\/\/www.casaldelsinfants.org\/es\/oferta-trabajo\/tecnico-a-medio-de-refuerzo-por-casales-de-verano-y-colonias\/\" \/>\n<meta property=\"og:locale\" content=\"es_ES\" \/>\n<meta property=\"og:type\" content=\"article\" \/>\n<meta property=\"og:title\" content=\"T\u00e9cnico\/a medio de refuerzo por casales de verano y colonias - Casal dels Infants\" \/>\n<meta property=\"og:description\" content=\"Buscamos personas para dar refuerzo en las actividades de verano (casales de verano y colonias) en los servicios de ni\u00f1os y adolescentes que tenemos en los diferentes territorios de Santa Coloma, Badalona, Sant Adri\u00e0 de Bes\u00f2s y Barcelona.\" \/>\n<meta property=\"og:url\" content=\"https:\/\/www.casaldelsinfants.org\/es\/oferta-trabajo\/tecnico-a-medio-de-refuerzo-por-casales-de-verano-y-colonias\/\" \/>\n<meta property=\"og:site_name\" content=\"Casal dels Infants\" \/>\n<meta property=\"article:publisher\" content=\"https:\/\/www.facebook.com\/casalinfants\" \/>\n<meta property=\"article:modified_time\" content=\"2026-03-23T08:40:38+00:00\" \/>\n<meta name=\"twitter:card\" content=\"summary_large_image\" \/>\n<meta name=\"twitter:site\" content=\"@casalinfants\" \/>\n<meta name=\"twitter:label1\" content=\"Tiempo de lectura\" \/>\n\t<meta name=\"twitter:data1\" content=\"1 minuto\" \/>\n<script type=\"application\/ld+json\" class=\"yoast-schema-graph\">{\"@context\":\"https:\\\/\\\/schema.org\",\"@graph\":[{\"@type\":\"WebPage\",\"@id\":\"https:\\\/\\\/www.casaldelsinfants.org\\\/es\\\/oferta-trabajo\\\/tecnico-a-medio-de-refuerzo-por-casales-de-verano-y-colonias\\\/\",\"url\":\"https:\\\/\\\/www.casaldelsinfants.org\\\/es\\\/oferta-trabajo\\\/tecnico-a-medio-de-refuerzo-por-casales-de-verano-y-colonias\\\/\",\"name\":\"T\u00e9cnico\\\/a medio de refuerzo por casales de verano y colonias - Casal dels Infants\",\"isPartOf\":{\"@id\":\"https:\\\/\\\/www.casaldelsinfants.org\\\/es\\\/#website\"},\"datePublished\":\"2026-03-23T08:31:36+00:00\",\"dateModified\":\"2026-03-23T08:40:38+00:00\",\"breadcrumb\":{\"@id\":\"https:\\\/\\\/www.casaldelsinfants.org\\\/es\\\/oferta-trabajo\\\/tecnico-a-medio-de-refuerzo-por-casales-de-verano-y-colonias\\\/#breadcrumb\"},\"inLanguage\":\"es\",\"potentialAction\":[{\"@type\":\"ReadAction\",\"target\":[\"https:\\\/\\\/www.casaldelsinfants.org\\\/es\\\/oferta-trabajo\\\/tecnico-a-medio-de-refuerzo-por-casales-de-verano-y-colonias\\\/\"]}]},{\"@type\":\"BreadcrumbList\",\"@id\":\"https:\\\/\\\/www.casaldelsinfants.org\\\/es\\\/oferta-trabajo\\\/tecnico-a-medio-de-refuerzo-por-casales-de-verano-y-colonias\\\/#breadcrumb\",\"itemListElement\":[{\"@type\":\"ListItem\",\"position\":1,\"name\":\"Inici\",\"item\":\"https:\\\/\\\/www.casaldelsinfants.org\\\/es\\\/\"},{\"@type\":\"ListItem\",\"position\":2,\"name\":\"T\u00e9cnico\\\/a medio de refuerzo por casales de verano y colonias\"}]},{\"@type\":\"WebSite\",\"@id\":\"https:\\\/\\\/www.casaldelsinfants.org\\\/es\\\/#website\",\"url\":\"https:\\\/\\\/www.casaldelsinfants.org\\\/es\\\/\",\"name\":\"Casal dels Infants\",\"description\":\"\",\"publisher\":{\"@id\":\"https:\\\/\\\/www.casaldelsinfants.org\\\/es\\\/#organization\"},\"potentialAction\":[{\"@type\":\"SearchAction\",\"target\":{\"@type\":\"EntryPoint\",\"urlTemplate\":\"https:\\\/\\\/www.casaldelsinfants.org\\\/es\\\/?s={search_term_string}\"},\"query-input\":{\"@type\":\"PropertyValueSpecification\",\"valueRequired\":true,\"valueName\":\"search_term_string\"}}],\"inLanguage\":\"es\"},{\"@type\":\"Organization\",\"@id\":\"https:\\\/\\\/www.casaldelsinfants.org\\\/es\\\/#organization\",\"name\":\"Casal dels Infants\",\"url\":\"https:\\\/\\\/www.casaldelsinfants.org\\\/es\\\/\",\"logo\":{\"@type\":\"ImageObject\",\"inLanguage\":\"es\",\"@id\":\"https:\\\/\\\/www.casaldelsinfants.org\\\/es\\\/#\\\/schema\\\/logo\\\/image\\\/\",\"url\":\"https:\\\/\\\/www.casaldelsinfants.org\\\/wp-content\\\/uploads\\\/logo-mail.png\",\"contentUrl\":\"https:\\\/\\\/www.casaldelsinfants.org\\\/wp-content\\\/uploads\\\/logo-mail.png\",\"width\":380,\"height\":158,\"caption\":\"Casal dels Infants\"},\"image\":{\"@id\":\"https:\\\/\\\/www.casaldelsinfants.org\\\/es\\\/#\\\/schema\\\/logo\\\/image\\\/\"},\"sameAs\":[\"https:\\\/\\\/www.facebook.com\\\/casalinfants\",\"https:\\\/\\\/x.com\\\/casalinfants\",\"https:\\\/\\\/www.youtube.com\\\/user\\\/CasaldelsInfants1\",\"https:\\\/\\\/www.instagram.com\\\/casalinfants\\\/\",\"https:\\\/\\\/www.linkedin.com\\\/company\\\/casaldelsinfants?trk=organization-update_share-update_actor-text\"]}]}<\/script>\n<!-- \/ Yoast SEO plugin. -->","yoast_head_json":{"title":"T\u00e9cnico\/a medio de refuerzo por casales de verano y colonias - Casal dels Infants","robots":{"index":"index","follow":"follow","max-snippet":"max-snippet:-1","max-image-preview":"max-image-preview:large","max-video-preview":"max-video-preview:-1"},"canonical":"https:\/\/www.casaldelsinfants.org\/es\/oferta-trabajo\/tecnico-a-medio-de-refuerzo-por-casales-de-verano-y-colonias\/","og_locale":"es_ES","og_type":"article","og_title":"T\u00e9cnico\/a medio de refuerzo por casales de verano y colonias - Casal dels Infants","og_description":"Buscamos personas para dar refuerzo en las actividades de verano (casales de verano y colonias) en los servicios de ni\u00f1os y adolescentes que tenemos en los diferentes territorios de Santa Coloma, Badalona, Sant Adri\u00e0 de Bes\u00f2s y Barcelona.","og_url":"https:\/\/www.casaldelsinfants.org\/es\/oferta-trabajo\/tecnico-a-medio-de-refuerzo-por-casales-de-verano-y-colonias\/","og_site_name":"Casal dels Infants","article_publisher":"https:\/\/www.facebook.com\/casalinfants","article_modified_time":"2026-03-23T08:40:38+00:00","twitter_card":"summary_large_image","twitter_site":"@casalinfants","twitter_misc":{"Tiempo de lectura":"1 minuto"},"schema":{"@context":"https:\/\/schema.org","@graph":[{"@type":"WebPage","@id":"https:\/\/www.casaldelsinfants.org\/es\/oferta-trabajo\/tecnico-a-medio-de-refuerzo-por-casales-de-verano-y-colonias\/","url":"https:\/\/www.casaldelsinfants.org\/es\/oferta-trabajo\/tecnico-a-medio-de-refuerzo-por-casales-de-verano-y-colonias\/","name":"T\u00e9cnico\/a medio de refuerzo por casales de verano y colonias - Casal dels Infants","isPartOf":{"@id":"https:\/\/www.casaldelsinfants.org\/es\/#website"},"datePublished":"2026-03-23T08:31:36+00:00","dateModified":"2026-03-23T08:40:38+00:00","breadcrumb":{"@id":"https:\/\/www.casaldelsinfants.org\/es\/oferta-trabajo\/tecnico-a-medio-de-refuerzo-por-casales-de-verano-y-colonias\/#breadcrumb"},"inLanguage":"es","potentialAction":[{"@type":"ReadAction","target":["https:\/\/www.casaldelsinfants.org\/es\/oferta-trabajo\/tecnico-a-medio-de-refuerzo-por-casales-de-verano-y-colonias\/"]}]},{"@type":"BreadcrumbList","@id":"https:\/\/www.casaldelsinfants.org\/es\/oferta-trabajo\/tecnico-a-medio-de-refuerzo-por-casales-de-verano-y-colonias\/#breadcrumb","itemListElement":[{"@type":"ListItem","position":1,"name":"Inici","item":"https:\/\/www.casaldelsinfants.org\/es\/"},{"@type":"ListItem","position":2,"name":"T\u00e9cnico\/a medio de refuerzo por casales de verano y colonias"}]},{"@type":"WebSite","@id":"https:\/\/www.casaldelsinfants.org\/es\/#website","url":"https:\/\/www.casaldelsinfants.org\/es\/","name":"Casal dels Infants","description":"","publisher":{"@id":"https:\/\/www.casaldelsinfants.org\/es\/#organization"},"potentialAction":[{"@type":"SearchAction","target":{"@type":"EntryPoint","urlTemplate":"https:\/\/www.casaldelsinfants.org\/es\/?s={search_term_string}"},"query-input":{"@type":"PropertyValueSpecification","valueRequired":true,"valueName":"search_term_string"}}],"inLanguage":"es"},{"@type":"Organization","@id":"https:\/\/www.casaldelsinfants.org\/es\/#organization","name":"Casal dels Infants","url":"https:\/\/www.casaldelsinfants.org\/es\/","logo":{"@type":"ImageObject","inLanguage":"es","@id":"https:\/\/www.casaldelsinfants.org\/es\/#\/schema\/logo\/image\/","url":"https:\/\/www.casaldelsinfants.org\/wp-content\/uploads\/logo-mail.png","contentUrl":"https:\/\/www.casaldelsinfants.org\/wp-content\/uploads\/logo-mail.png","width":380,"height":158,"caption":"Casal dels Infants"},"image":{"@id":"https:\/\/www.casaldelsinfants.org\/es\/#\/schema\/logo\/image\/"},"sameAs":["https:\/\/www.facebook.com\/casalinfants","https:\/\/x.com\/casalinfants","https:\/\/www.youtube.com\/user\/CasaldelsInfants1","https:\/\/www.instagram.com\/casalinfants\/","https:\/\/www.linkedin.com\/company\/casaldelsinfants?trk=organization-update_share-update_actor-text"]}]}},"publishpress_future_workflow_manual_trigger":{"enabledWorkflows":[]},"_links":{"self":[{"href":"https:\/\/www.casaldelsinfants.org\/es\/wp-json\/wp\/v2\/oferta-treball\/48390","targetHints":{"allow":["GET"]}}],"collection":[{"href":"https:\/\/www.casaldelsinfants.org\/es\/wp-json\/wp\/v2\/oferta-treball"}],"about":[{"href":"https:\/\/www.casaldelsinfants.org\/es\/wp-json\/wp\/v2\/types\/oferta-treball"}],"wp:attachment":[{"href":"https:\/\/www.casaldelsinfants.org\/es\/wp-json\/wp\/v2\/media?parent=48390"}],"wp:term":[{"taxonomy":"seus","embeddable":true,"href":"https:\/\/www.casaldelsinfants.org\/es\/wp-json\/wp\/v2\/seus?post=48390"},{"taxonomy":"eixos","embeddable":true,"href":"https:\/\/www.casaldelsinfants.org\/es\/wp-json\/wp\/v2\/eixos?post=48390"},{"taxonomy":"treballa-amb-nosaltres","embeddable":true,"href":"https:\/\/www.casaldelsinfants.org\/es\/wp-json\/wp\/v2\/treballa-amb-nosaltres?post=48390"}],"curies":[{"name":"wp","href":"https:\/\/api.w.org\/{rel}","templated":true}]}}

Técnico/a medio de refuerzo por casales de verano y colonias

<p>Buscamos personas para dar refuerzo en las actividades de verano (casales de verano y colonias) en los servicios de niños y adolescentes que tenemos en los diferentes territorios de Santa Coloma, Badalona, Sant Adrià de Besòs y Barcelona.</p>

<!-- This site is optimized with the Yoast SEO plugin v27.4 - https://yoast.com/product/yoast-seo-wordpress/ -->
<title>Técnico/a medio de refuerzo por casales de verano y colonias - Casal dels Infants</title>
<meta name="robots" content="index, follow, max-snippet:-1, max-image-preview:large, max-video-preview:-1" />
<link rel="canonical" href="https://www.casaldelsinfants.org/es/oferta-trabajo/tecnico-a-medio-de-refuerzo-por-casales-de-verano-y-colonias/" />
<meta property="og:locale" content="es_ES" />
<meta property="og:type" content="article" />
<meta property="og:title" content="Técnico/a medio de refuerzo por casales de verano y colonias - Casal dels Infants" />
<meta property="og:description" content="Buscamos personas para dar refuerzo en las actividades de verano (casales de verano y colonias) en los servicios de niños y adolescentes que tenemos en los diferentes territorios de Santa Coloma, Badalona, Sant Adrià de Besòs y Barcelona." />
<meta property="og:url" content="https://www.casaldelsinfants.org/es/oferta-trabajo/tecnico-a-medio-de-refuerzo-por-casales-de-verano-y-colonias/" />
<meta property="og:site_name" content="Casal dels Infants" />
<meta property="article:publisher" content="https://www.facebook.com/casalinfants" />
<meta property="article:modified_time" content="2026-03-23T08:40:38+00:00" />
<meta name="twitter:card" content="summary_large_image" />
<meta name="twitter:site" content="@casalinfants" />
<meta name="twitter:label1" content="Tiempo de lectura" />
	<meta name="twitter:data1" content="1 minuto" />
<script type="application/ld+json" class="yoast-schema-graph">{"@context":"https:\/\/schema.org","@graph":[{"@type":"WebPage","@id":"https:\/\/www.casaldelsinfants.org\/es\/oferta-trabajo\/tecnico-a-medio-de-refuerzo-por-casales-de-verano-y-colonias\/","url":"https:\/\/www.casaldelsinfants.org\/es\/oferta-trabajo\/tecnico-a-medio-de-refuerzo-por-casales-de-verano-y-colonias\/","name":"Técnico\/a medio de refuerzo por casales de verano y colonias - Casal dels Infants","isPartOf":{"@id":"https:\/\/www.casaldelsinfants.org\/es\/#website"},"datePublished":"2026-03-23T08:31:36+00:00","dateModified":"2026-03-23T08:40:38+00:00","breadcrumb":{"@id":"https:\/\/www.casaldelsinfants.org\/es\/oferta-trabajo\/tecnico-a-medio-de-refuerzo-por-casales-de-verano-y-colonias\/#breadcrumb"},"inLanguage":"es","potentialAction":[{"@type":"ReadAction","target":["https:\/\/www.casaldelsinfants.org\/es\/oferta-trabajo\/tecnico-a-medio-de-refuerzo-por-casales-de-verano-y-colonias\/"]}]},{"@type":"BreadcrumbList","@id":"https:\/\/www.casaldelsinfants.org\/es\/oferta-trabajo\/tecnico-a-medio-de-refuerzo-por-casales-de-verano-y-colonias\/#breadcrumb","itemListElement":[{"@type":"ListItem","position":1,"name":"Inici","item":"https:\/\/www.casaldelsinfants.org\/es\/"},{"@type":"ListItem","position":2,"name":"Técnico\/a medio de refuerzo por casales de verano y colonias"}]},{"@type":"WebSite","@id":"https:\/\/www.casaldelsinfants.org\/es\/#website","url":"https:\/\/www.casaldelsinfants.org\/es\/","name":"Casal dels Infants","description":"","publisher":{"@id":"https:\/\/www.casaldelsinfants.org\/es\/#organization"},"potentialAction":[{"@type":"SearchAction","target":{"@type":"EntryPoint","urlTemplate":"https:\/\/www.casaldelsinfants.org\/es\/?s={search_term_string}"},"query-input":{"@type":"PropertyValueSpecification","valueRequired":true,"valueName":"search_term_string"}}],"inLanguage":"es"},{"@type":"Organization","@id":"https:\/\/www.casaldelsinfants.org\/es\/#organization","name":"Casal dels Infants","url":"https:\/\/www.casaldelsinfants.org\/es\/","logo":{"@type":"ImageObject","inLanguage":"es","@id":"https:\/\/www.casaldelsinfants.org\/es\/#\/schema\/logo\/image\/","url":"https:\/\/www.casaldelsinfants.org\/wp-content\/uploads\/logo-mail.png","contentUrl":"https:\/\/www.casaldelsinfants.org\/wp-content\/uploads\/logo-mail.png","width":380,"height":158,"caption":"Casal dels Infants"},"image":{"@id":"https:\/\/www.casaldelsinfants.org\/es\/#\/schema\/logo\/image\/"},"sameAs":["https:\/\/www.facebook.com\/casalinfants","https:\/\/x.com\/casalinfants","https:\/\/www.youtube.com\/user\/CasaldelsInfants1","https:\/\/www.instagram.com\/casalinfants\/","https:\/\/www.linkedin.com\/company\/casaldelsinfants?trk=organization-update_share-update_actor-text"]}]}</script>
<!-- / Yoast SEO plugin. -->

Técnico/a medio de refuerzo por casales de verano y colonias - Casal dels Infants

Buscamos personas para dar refuerzo en las actividades de verano (casales de verano y colonias) en los servicios de niños y adolescentes que tenemos en los diferentes territorios de Santa Coloma, Badalona, Sant Adrià de Besòs y Barcelona.
